*g. What are the prime factors of d?
5
Let r be (-1)/3 - (-22)/3. Suppose -r*l + 4 = -24. List the prime factors of l.
2
Suppose 2*c + 2 = 0, -4*c + 87 = 3*d - 23. Let i(n) = 324*n**2 + n. Let h be i(-1). Suppose -3*q + h = d. List the prime factors of q.
5, 19
Let f(n) = 115*n + 2. Let y be ((128/6)/(-8))/(8/(-12)). What are the prime factors of f(y)?
2, 3, 7, 11
Let w = 63475 + -44390. What are the prime factors of w?
5, 11, 347
Suppose -6*k - k + 3353 = 0. Suppose -4*u + 391 = -3*q - k, -u + q + 218 = 0. Suppose -80 = -4*n + 5*f + 197, 3*n - u = f. What are the prime factors of n?
73
Let m(w) = 36*w + 9346. What are the prime factors of m(79)?
2, 5, 23, 53
Suppose -38*j = 2*t - 34*j - 5834, -4*t - 2*j + 11692 = 0. List the prime factors of t.
3, 5, 13
Suppose -3*x = 2*z - z - 15114, -2*z + 30173 = -5*x. Let s = -5031 + z. List the prime factors of (-3)/(-15) - s/(-60).
2, 3, 7
Suppose 4296 = 4*o + 4*k, 4301 = -o + 5*o + 3*k. Let h = o - 467. What are the prime factors of h?
2, 3, 17
Let g(d) = 407*d**2 + 3*d - 1. Let h be g(5). Suppose -h = -34*m + 4397. What are the prime factors of m?
3, 11, 13
Let t(r) = 1820*r + 441. What are the prime factors of t(3)?
3, 7, 281
List the prime factors of 4/3 - ((-66)/(-297) - 307203/27).
3, 3793
Let n be (-465)/1 - (5 - 5). Suppose 84*c = 88*c - 12. List the prime factors of -1 - c/(9/n).
2, 7, 11
Let z = -1489 - -3302. List the prime factors of z.
7, 37
Let p = 38 + -19. Let z(y) = 37 - 14*y - p - 26. List the prime factors of z(-7).
2, 3, 5
Suppose 0 = 290*l + l - 18259959. List the prime factors of l.
131, 479
Let f = -194 - -80. Let u = f + 144. List the prime factors of u.
2, 3, 5
Let q(y) = -3*y**3 - 7*y**2 + 3*y + 4. Let f be q(-6). Suppose -3*a + f = 3*b - 2*a, 0 = -5*b + 4*a + 631. What are the prime factors of b?
127
Let u = -8368 + 17087. What are the prime factors of u?
8719
Let b = 95270 + -48613. What are the prime factors of b?
13, 37, 97
Let a = 23315 - 11780. What are the prime factors of a?
3, 5, 769
Let x = -637 - -489. Let r = 702 + x. What are the prime factors of r?
2, 277
Suppose -3353 + 35 = -6*y. Suppose y + 2331 = 14*i. List the prime factors of i.
2, 103
Let b = 6139 - 4342. What are the prime factors of b?
3, 599
Let k = -4468 - -44753. What are the prime factors of k?
5, 7, 1151
Let y be 1/(1/(-6))*2/(-4). Suppose -8*b = -4*m - 12*b + 1464, -2*b + 1102 = y*m. What are the prime factors of m?
2, 5, 37
Suppose -7*q - 51 = 75. List the prime factors of 890/4 + -1 - (-27)/q.
2, 5, 11
Suppose -2*z = -3*g + 772, 23*g - 3*z = 18*g + 1287. List the prime factors of g.
2, 3, 43
Let l(o) = -o**2 - 18*o - 47. Let c be l(-23). Let t = c - -924. List the prime factors of t.
2, 3, 127
Suppose 0 = -4*m - l + 154574, 21*m - 24*m - 8*l = -115916. List the prime factors of m.
2, 9661
Suppose -g - 901 = -2*m - 0*g, -4*g = -m + 461. Let u be 825 - ((-2)/3)/((-3)/9). Suppose u = 8*b - m. What are the prime factors of b?
3, 53
Suppose 70*c = 52*c + 347616. List the prime factors of c.
2, 17, 71
Let h(r) = r**3 - 28*r**2 + 28*r - 25. Let o be h(27). Let q(c) = 4 + 13 + 0*c**2 - 28 - o*c + 7*c**2. List the prime factors of q(6).
229
Let f = 212 + -209. Suppose 4*b - 2833 = -5*u, 2223 - 142 = f*b - 5*u. List the prime factors of b.
2, 3, 13
Let x(t) = 6*t**3 + 2*t**2 - 2*t + 1. Let g be x(1). Let n(v) = 1 + 2 - 211*v**3 + 213*v**3 - g*v**2 + 4*v. What are the prime factors of n(5)?
2, 7
List the prime factors of 567840/378 - 6/27.
2, 751
Suppose 3*a - 26 = -4*d, -5*a + 12 = 3*d - 13. Suppose -t + 1238 = a*v, 5*v - 3102 = t - 0*t. What are the prime factors of v?
2, 5, 31
Let t(q) = 11814*q**3 - 2*q**2 - 7*q + 8. List the prime factors of t(1).
11813
Let l be (0 + 3*-4)*(-1919)/38. Let j = l - 183. List the prime factors of j.
3, 47
Let y = -161 + 155. List the prime factors of 4823/(1 - y) - -4.
3, 7, 11
Let d(b) = 99 + 7*b - 22*b - 199 + 112. What are the prime factors of d(-3)?
3, 19
Suppose 2*m = a + 4848, 6*m = 11*m + 2*a - 12111. What are the prime factors of m?
2423
Let z(j) be the third derivative of -j**6/30 - j**5/60 + j**4/6 + j**3/2 + 25*j**2. Let y(c) = c**3. Let s(m) = 3*y(m) + z(m). List the prime factors of s(-3).
3
Suppose 2*r = -4*t + 1916, 0 = -5*r - 4*t + 52 + 4756. What are the prime factors of r?
2, 241
Suppose u = 3*x + 583 - 27, 2746 = 5*u + 2*x. Suppose w - 2*w = f - u, -5*f = -2*w + 1128. What are the prime factors of w?
2, 277
Let u = 98052 + -65590. What are the prime factors of u?
2, 16231
Suppose 11*p = 8*p. Let b be p + (2 - 1) - (31 + -2). Let m = b + 88. List the prime factors of m.
2, 3, 5
Let q(p) = p**3 + 15*p**2 - 2*p + 24. Let k be q(-15). List the prime factors of ((-12)/(-15))/(6/70)*k.
2, 3, 7
Let w = 7751 - 2027. List the prime factors of w.
2, 3, 53
What are the prime factors of ((-62)/62)/(((-1)/(-13))/(-1))*736?
2, 13, 23
Let q(m) = 13*m - 44. Suppose 34*w - 36*w = -12. List the prime factors of q(w).
2, 17
Suppose 136*a - 2186681 = 2888431. What are the prime factors of a?
3, 7, 1777
Suppose 5*g - 14716 + 2420 = 29234. What are the prime factors of g?
2, 4153
What are the prime factors of (-349)/((-1)/(-297)*-11)?
3, 349
Let y = 40648 + 26187. What are the prime factors of y?
5, 13367
Suppose 43*n - 3*n - 1785560 = 0. Suppose 50*t - n = 14361. List the prime factors of t.
2, 5, 59
Let v(g) = g**3 - 9*g + 468. Suppose 0*o = 2*o - o. List the prime factors of v(o).
2, 3, 13
List the prime factors of (-20)/70 - -11936*(-2)/(-7).
2, 5, 11, 31
Suppose 3*q + 327 - 783 = 0. Suppose -o = x + 22 - 4, -2*o = -2*x + 36. Let n = o + q. What are the prime factors of n?
2, 67
Let h(d) be the third derivative of 3*d**6/40 + d**5/20 - d**4/2 + d**3/3 - d**2 - 8. What are the prime factors of h(4)?
2, 17
Suppose 5*v + 30*x - 38*x = 73015, 3*x = -3*v + 43770. List the prime factors of v.
3, 5, 7, 139
Suppose 7*z - 36 = 9*z - 5*k, 2*z + 4*k = 0. List the prime factors of -105*z/48*26.
5, 7, 13
Let j = -116558 + 168126. List the prime factors of j.
2, 11, 293
Let d = -102 + 102. Suppose -4*f = -q - 0*q + 61, -5*f + 25 = d. What are the prime factors of 1/(3/6) + q + 6?
89
Suppose -41*s - 30*s + 411377 = 26*s. List the prime factors of s.
4241
Let z(a) = 1 - 85*a - 5*a - 120*a. Let v be z(-4). Suppose 61 = -6*t + v. List the prime factors of t.
2, 5, 13
Let i(r) = r**3 + 13*r**2 + 13*r + 4. Suppose 3*o = 6, -o - 29 = 5*l + 29. Let u be i(l). Let y(s) = s**2 - 2*s - 3. List the prime factors of y(u).
7, 11
Let b be (-2)/(-5) + (-3 - (-65)/25). Suppose 8 = 4*o - b. Let h(s) = 3*s**3 + 3*s + 3. What are the prime factors of h(o)?
3, 11
Let z(y) = -9572*y - 96. List the prime factors of z(-1).
2, 23, 103
Suppose 4*r - 3*s = 27, -2*r - 26*s = -21*s + 19. Suppose 0 = -r*b - 2*d + 2217, -4*d = -2*b + 5*b - 2223. List the prime factors of b.
11, 67
List the prime factors of 11 + -11 - (-21374 + (-28)/(-7)).
2, 5, 2137
What are the prime factors of 6*378 + (-52)/91 + (-16)/(-28)?
2, 3, 7
Let a = 2864 + -2745. List the prime factors of a.
7, 17
Suppose 23*c = 5*r + 28*c - 268035, 4*r + 5*c - 214430 = 0. What are the prime factors of r?
5, 71, 151
Let u(v) = 1127*v + 4030. What are the prime factors of u(20)?
2, 5, 2657
Suppose -2*h + 4*t = -30, 3*h = -3*t + 16 + 2. Suppose 0 = -4*q + h*q - 90. Suppose -q = -5*x + 37. List the prime factors of x.
11
Let r = -39 - -49. Suppose -3*d = -r + 4. Suppose u = -u - d, u = -5*g + 354. What are the prime factors of g?
71
Suppose 5*n = 2509 + 1546. Suppose -13*m + n = -216. Let h = -4 + m. List the prime factors of h.
3, 5
Suppose 0 = -32*a + 27146 - 7242. List the prime factors of (a - -6)*1 - (2 + -4).
2, 3, 5, 7
Let m be -3*(-1 + (-566)/3). Let l be 7/21 + 1145/3 + 0. Let s = m - l. List the prime factors of s.
11, 17
Suppose -4*n + 5*z + 13648 = 0, -3*z - 10263 = -3*n - 6*z. Suppose 0 = 5*f + 672 - n. What are the prime factors of f?
3, 61
Suppose 0 = -4*r, 3*u - 10714 - 49634 = -5*r + 12330. List the prime factors of u.
2, 12113
Suppose 0 = -4*x + 30 - 22, -2*x = -5*u + 19756. List the prime factors of u.
2, 13, 19
Let v = -22 + 17. Let n(m) be the first derivative of m**3/3 + m**2/2 + 13*m + 162. What are the prime factors of n(v)?
3, 11
Let w be 9 - 10 - 6/(-1). Let s be w/40*-10*-296. Suppose 242 = 4*t - s. List the prime factors of t